08 - y. Is x prime?
False
Let b(u) = -212*u + 31. Is b(-5) a composite number?
False
Suppose 2*q - 3*m - 180 = -0*q, m = 3*q - 277. Is q a composite number?
True
Suppose 0 = -8*l + 4*l - 12. Let h = -2 - l. Is (165/12)/(h/4) prime?
False
Let q(m) = m**2 + m + 121. Is q(0) a composite number?
True
Suppose -4*q - 817 = 6*d - 11*d, -4*d + q = -647. Is d a prime number?
False
Suppose -4*g = -3*x + 569, 0*x = -4*x + 3*g + 761. Is x a composite number?
False
Suppose -2*n + 72 = -86. Is n composite?
False
Let f(l) = l + 1. Let k be f(-7). Let u(x) = 2*x**2 + 3*x + 5. Is u(k) composite?
False
Let q be (1*-16)/(-1 - 0). Suppose -3*z - 5*x = 16 - 4, 4*z + q = -4*x. Is (-154)/(-5) - z/20 a prime number?
True
Is (-39170)/(-60) - (-1 - (-10)/12) a composite number?
False
Suppose -2*m + 0*j + 55 = 5*j, -3*j = 3*m - 60. Is m prime?
False
Let k(o) = -2 + 1 + 4 + 31*o - 2. Is k(6) a composite number?
True
Let x(w) = 2*w + w**2 + 8*w**2 + 2*w - 1. Let c be x(3). Suppose 4*p + 0*p - c = 0. Is p composite?
False
Is (-2)/(-15) - (-2212)/60 prime?
True
Suppose -4*q - u = 2*u + 2, -q = u. Let k be (-3)/(-1) - 5 - q. Suppose -3*w - 2*l + 6*l + 131 = k, 3*w + 3*l - 96 = 0. Is w prime?
True
Let j = -2002 - -4005. Is j composite?
False
Let x(b) = -b**3 + 15*b**2 - 6*b + 3. Is x(8) a composite number?
True
Suppose x - 227 = -2*d, 5*d + 3*x + 0*x - 566 = 0. Is d a composite number?
True
Let h be -2 - ((-27)/1 - -1). Is h - (2/1 - 1) a composite number?
False
Suppose -w + 41 = -i - 2*i, 2 = -i - 2*w. Let r(z) = z**3 + 12*z**2 - 11*z + 7. Is r(i) a prime number?
True
Suppose 0 = 4*x - 3 + 7. Let q(d) = 51*d**2 - d. Let b be q(x). Is (-3 - 0)/((-6)/b) composite?
True
Let m(t) = t**2 + 4*t - 2. Let p be m(-3). Let o(j) = -6*j - 3*j**3 - 6 + 2*j**3 + 6*j**2 + 0*j + 2*j**3. Is o(p) a composite number?
True
Suppose -13474 = 7*f - 50889. Is f a prime number?
False
Let f = 1034 - 399. Is f prime?
False
Is (-2)/(-8) + (-19035)/(-20) - -3 prime?
False
Suppose -f + 7 = 4*t, -4*t + 3*f + 13 = t. Suppose -25 = -5*m, y + t*y = 3*m - 45. Is (-8)/20 - 234/y a composite number?
False
Suppose 2*x - 8 = -2*x. Suppose -72 = -p - 5*t, -3*t + 103 = x*p - 34. Is p a composite number?
False
Let q be -2 - 61*(-3 + -2). Suppose -144 = -0*t - 2*t - 2*g, g = -4*t + q. Is t a prime number?
False
Is 1/(-6)*4 + 3214/6 a composite number?
True
Suppose b - 63 = 4*b. Let z be (-2 - 30)*5/(-10). Let k = z - b. Is k prime?
True
Suppose -7*d = -5*d - 18. Let u be (-6 - 15)/(1/d). Let p = u - -295. Is p a composite number?
True
Let k(t) be the second derivative of t**5/20 + t**4/4 + 3*t**2/2 + 3*t. Let j be k(-3). Suppose -j*h = -2*h - 51. Is h a prime number?
False
Let o(a) = -17*a + 10. Let g be o(-11). Let b = g + -118. Is b a composite number?
False
Let i = -1 - -3. Is i/(-4)*-4*17 prime?
False
Let j(h) = -206*h - 1. Is j(-2) a prime number?
False
Suppose l = -2, -3*b + 3*l - 50 - 103 = 0. Suppose 0*a - 480 = -5*a. Let s = a + b. Is s a composite number?
False
Suppose -54 + 9 = -5*b. Let m = 10 - 8. Suppose m*h - 35 + b = 0. Is h composite?
False
Let b = 14 - 3. Is b composite?
False
Let k(h) = 8*h - 1. Let x = 1 + 1. Let n be k(x). Is (-1)/(-3) + 700/n a prime number?
True
Suppose -42 = -0*a + a. Let t(o) = 2*o**3 - 10*o**2 + 6*o + 11. Let z be t(6). Let w = z + a. Is w a composite number?
True
Let k(l) = -2*l**3 - l**2 - 3*l. Let n(c) = -c**3 + 1. Let u(s) = k(s) - 5*n(s). Is u(4) a composite number?
True
Is 2 - (-2 + -5*125) a composite number?
True
Let n = -4 - -8. Suppose n*o + 0*o - 132 = 0. Is o a prime number?
False
Let d(g) = 3*g**2 - 9*g + 7. Is d(5) composite?
False
Suppose 0 = r + y - 397, -4*r = r + 4*y - 1990. Suppose -20 = -z - 231. Let o = z + r. Is o a composite number?
False
Let x = -54 + 97. Is x composite?
False
Suppose -34 = 3*b - 4*b. Is b prime?
False
Suppose 0 = 3*g - g. Is (-1)/((1 + g)/(-10)) a prime number?
False
Let o(f) = f**2 + 2*f - 3. Let u(b) = b - 3. Let q be u(6). Let a be o(q). Is ((-200)/a)/((-4)/6) prime?
False
Let q = 152 + 623. Suppose 3*k - x = q, 277 = k + 2*x - 7*x. Is k a composite number?
False
Is (4348/12)/(2/6) composite?
False
Suppose b + 4*b = 335. Is b a prime number?
True
Is (3 + -2)/((-1)/(-71)) composite?
False
Suppose 3*r - 741 - 301 = -4*w, -3*r + 1301 = 5*w. Is w a prime number?
False
Let s(c) = -125*c - 1 + 19*c - 128*c. Is s(-1) a composite number?
False
Suppose 4*a = -k, -6*k + 2*a = -2*k - 18. Suppose -23 = -k*g + 149. Is g a composite number?
False
Let z = 87 - 1. Is z a composite number?
True
Suppose 0 = r - 6. Is r prime?
False
Let b be -2*(-10)/4 - 0. Suppose 4*g - b*a - 208 = 0, a = -3*g + 46 + 91. Is g composite?
False
Suppose 0 = 8*g - 0*g - 5128. Is g prime?
True
Let b = -35 - 312. Let s = 246 + b. Let k = -22 - s. Is k prime?
True
Let w(i) be the second derivative of i**6/24 - i**5/60 + i**4/12 - i**3/2 + 2*i**2 - 3*i. Let x(f) be the first derivative of w(f). Is x(2) a prime number?
True
Suppose -4*c = 2*k - 2, -k - 3*k = 4*c - 12. Let j be (-4 - -4) + (-2)/c. Is ((-7)/21)/(j/(-75)) composite?
True
Let u(b) = 39*b**3 + 6*b**2 - 13*b + 7. Is u(5) a composite number?
False
Let s = -159 + 152. Let i be (-2)/3 - (-142)/6. Is 2/(-3 - i/s) prime?
True
Let s be (-8)/(-4) - (0 + -1). Is ((-395)/(-3))/(1/s) a composite number?
True
Let p = -4 + 4. Suppose p*k + 295 = 5*k. Is k prime?
True
Let z(k) = 50*k**2 - k - 13. Is z(-6) a composite number?
True
Suppose -3*z + 4*v = -5 - 10, -3*v = 2*z - 10. Suppose 335 = -0*y + z*y. Is y a composite number?
False
Suppose -2*g + g = -186. Suppose -2*z + 2*x = -g, 2*x + 255 = 3*z + 5*x. Is z a prime number?
True
Is (-94)/(-6) + 6/(-9) prime?
False
Suppose 0 = -11*k + 13*k - 502. Is k a prime number?
True
Let g(j) = j**3 - 5*j**2 - 6*j + 5. Let o be g(6). Is 33*1/3*o a composite number?
True
Let n(g) = g**3 + g**2 - g - 1. Let u be n(0). Is 3*(336/9 + u) composite?
False
Let v(n) = -n + 6. Let p be v(6). Is 266 - (-2 - p - -6) a composite number?
True
Let n be (-4)/22 + (-4740)/(-55). Is (0 - 1)*0 + n composite?
True
Let g = 13 - 5. Let v = 7 + g. Is v a prime number?
False
Suppose -2*k + 362 = 2*y, -k - 4*y = -0*k - 190. Is k prime?
False
Let l be (-2)/9 - (-510)/(-135). Is l/((-8)/434) - 0 composite?
True
Let x(h) = -31*h**2 + 4*h + 4. Let r(f) = -30*f**2 + 3*f + 3. Let a(k) = -3*r(k) + 2*x(k). Is a(-3) prime?
False
Let g be (-12)/(-36) - (-23)/3. Suppose -g*v + 753 = -5*v. Is v composite?
False
Suppose -c = -413 - 22. Suppose -c = -5*t + 3*p + 365, 153 = t - 2*p. Is t prime?
True
Suppose -4*l = 71 - 1367. Suppose 0 = -0*s + 2*s - 358. Let i = l - s. Is i a composite number?
True
Let i(m) = -m**2 + 8*m - 7. Let x be i(7). Suppose x = -l + 2*l. Suppose 5*a = 2*z - 20, l = 2*a - 4. Is z a prime number?
False
Suppose -4*b + 17 = -131. Is b a prime number?
True
Let o = 61 - 22. Is o a prime number?
False
Let n(m) = 26*m**2 + 11*m + 5. Is n(-4) prime?
False
Suppose x = 2*x - 4*q - 87, 2*x - q = 160. Is x prime?
True
Suppose -13 + 43 = 5*x. Suppose x*u - 2*u + 4*c = 56, -2*u + 4*c = -34. Is 4/6*(6 + u) a prime number?
False
Let g = 97 + 44. Is g composite?
True
Let j(w) = 53*w - 7. Is j(4) a composite number?
True
Let x(q) = q - 13. Let k be x(10). Let j = k + 8. Suppose 2*c = -j*i + 520, -2*c - 1054 = -6*c - 3*i. Is c a prime number?
False
Let d(k) = -k**3 + 11*k**2 - 5*k - 11. Let v = 14 - 4. Is d(v) a composite number?
True
Let z(q) = 2*q**3 + q**2 + 2*q + 3. Let l be (5 + 0/(-2))/(-1). Let j be z(l). Let t = j - -325. Is t composite?
True
Let n = 225 + -120. Let g(t) = t**2 - 7*t - 2. Let i be g(8). Suppose -n = -i*f + f. Is f a prime number?
False
Suppose 407 = -22*f + 23*f. Is f a prime number?
False
Suppose -5*f - 242 = -2*p, 5*f + 232 = -4*p + 656. Is p prime?
False
Suppose 2*t = 5*l + 1786, -1758 = -2*t + 2*l - 4*l. Suppose -5*k + t = 4*n - 0*k, -3*n - 4*k = -661. Is (-2)/(-12) + n/6 a prime number?
False
Let t(r) = 20*r**2 + r + 1. Let o = 4 - 4. Let p = -2 + o. Is t(p) a prime number?
True
Let x be 2/(-5) - 12/20. Let p(c) = -36*c + 1. Is p(x) composite?
False
Suppose 5*m - 12*m = -5383. Is m prime?
True
Let b(h) = -6*h + 6. Let u be b(8). Let x = 85 + u. Is x a prime number?
True
Suppose -4478 = -v - v - 4*k, 2*k + 11183 = 5*v. Is v a prime number?
True
Let w = 65 + 14. Is w composite?
False
Suppo